 is divided by 96.
13
What is the remainder when 3261 is divided by 192?
189
What is the remainder when 416383 is divided by 16?
15
What is the remainder when 22998 is divided by 115?
113
What is the remainder when 9459 is divided by 9424?
35
What is the remainder when 24850 is divided by 218?
216
What is the remainder when 370437 is divided by 570?
507
What is the remainder when 60763 is divided by 1787?
5
Calculate the remainder when 3934 is divided by 1289.
67
What is the remainder when 419 is divided by 174?
71
What is the remainder when 21170 is divided by 156?
110
What is the remainder when 9769 is divided by 426?
397
What is the remainder when 2123 is divided by 109?
52
Calculate the remainder when 2791331 is divided by 12.
11
What is the remainder when 3639 is divided by 191?
10
What is the remainder when 91727 is divided by 897?
233
What is the remainder when 284 is divided by 84?
32
What is the remainder when 3355 is divided by 183?
61
Calculate the remainder when 6226 is divided by 3103.
20
What is the remainder when 66897 is divided by 83?
82
What is the remainder when 1478 is divided by 96?
38
What is the remainder when 1987 is divided by 58?
15
What is the remainder when 17012 is divided by 3401?
7
Calculate the remainder when 2664 is divided by 47.
32
Calculate the remainder when 7809 is divided by 29.
8
What is the remainder when 499504 is divided by 10?
4
What is the remainder when 1778397 is divided by 234?
231
What is the remainder when 23028 is divided by 452?
428
Calculate the remainder when 11436 is divided by 41.
38
What is the remainder when 233968 is divided by 44?
20
Calculate the remainder when 740113 is divided by 342.
25
Calculate the remainder when 6833 is divided by 25.
8
What is the remainder when 25688 is divided by 12844?
0
What is the remainder when 5875 is divided by 63?
16
What is the remainder when 51693 is divided by 178?
73
Calculate the remainder when 1191969 is divided by 34.
31
What is the remainder when 236573 is divided by 851?
846
Calculate the remainder when 29661 is divided by 136.
13
What is the remainder when 549616 is divided by 94?
92
Calculate the remainder when 17468 is divided by 321.
134
Calculate the remainder when 67721 is divided by 155.
141
What is the remainder when 6516 is divided by 10?
6
Calculate the remainder when 8939 is divided by 69.
38
What is the remainder when 19316 is divided by 644?
640
Calculate the remainder when 181112 is divided by 32.
24
Calculate the remainder when 54399 is divided by 8.
7
What is the remainder when 9124 is divided by 986?
250
Calculate the remainder when 89585 is divided by 1148.
41
What is the remainder when 9613 is divided by 209?
208
Calculate the remainder when 3274 is divided by 580.
374
What is the remainder when 29693 is divided by 512?
509
What is the remainder when 9695 is divided by 1931?
40
Calculate the remainder when 29619 is divided by 92.
87
What is the remainder when 6268 is divided by 6242?
26
What is the remainder when 7512 is divided by 804?
276
Calculate the remainder when 10701 is divided by 10565.
136
What is the remainder when 2244 is divided by 374?
0
Calculate the remainder when 3930 is divided by 531.
213
Calculate the remainder when 336201 is divided by 7.
5
What is the remainder when 26277 is divided by 16?
5
What is the remainder when 722 is divided by 119?
8
What is the remainder when 5291 is divided by 2611?
69
Calculate the remainder when 2106 is divided by 192.
186
What is the remainder when 349752 is divided by 1482?
0
What is the remainder when 69906 is divided by 366?
0
Calculate the remainder when 251942 is divided by 14.
12
Calculate the remainder when 7114358 is divided by 10.
8
What is the remainder when 2013263 is divided by 528?
527
Calculate the remainder when 46489 is divided by 3873.
13
What is the remainder when 1667 is divided by 83?
7
What is the remainder when 59815 is divided by 8539?
42
Calculate the remainder when 31101 is divided by 3886.
13
What is the remainder when 94885 is divided by 14?
7
Calculate the remainder when 4859 is divided by 36.
35
What is the remainder when 122111 is divided by 5309?
4
What is the remainder when 89677 is divided by 12807?
28
Calculate the remainder when 643429 is divided by 95.
89
Calculate the remainder when 17076 is divided by 30.
6
What is the remainder when 558354 is divided by 20?
14
What is the remainder when 50827 is divided by 6349?
35
Calculate the remainder when 2034 is divided by 328.
66
Calculate the remainder when 37166 is divided by 16.
14
What is the remainder when 12228 is divided by 298?
10
What is the remainder when 8772 is divided by 875?
22
What is the remainder when 5847 is divided by 2861?
125
What is the remainder when 6994 is divided by 1166?
1164
What is the remainder when 53612 is divided by 178?
34
What is the remainder when 349768 is divided by 35?
13
What is the remainder when 172287 is divided by 34456?
7
What is the remainder when 13011 is divided by 2844?
1635
What is the remainder when 7495 is divided by 627?
598
What is the remainder when 24262 is divided by 91?
56
Calculate the remainder when 30856 is divided by 37.
35
Calculate the remainder when 11718 is divided by 11704.
14
Calculate the remainder when 477 is divided by 21.
15
Calculate the remainder when 4748 is divided by 675.
23
What is the remainder when 4252 is divided by 4?
0
Calculate the remainder when 10738 is divided by 2.
0
Calculate the remainder when 574 is divided by 20.
14
What is the remainder when 3478 is divided by 79?
2
What is the remainder when 339143 is divided by 3?
2
What is the remainder when 3389644 is divided by 35?
34
Calculate the remainder when 1193 is divided by 24.
17
What is the remainder when 21786 is divided by 174?
36
Calculate the remainder when 183046 is divided by 43.
38
Calculate the remainder when 236439 is divided by 46.
45
Calculate the remainder when 197955 is divided by 265.
0
What is the remainder when 189744 is divided by 47435?
4
Calculate the remainder when 643 is divided by 194.
61
Calculate the remainder when 8561 is divided by 35.
21
Calculate the remainder when 486 is divided by 64.
38
Calculate the remainder when 2922 is divided by 27.
6
Calculate the remainder when 6543 is divided by 92.
11
Calculate the remainder when 54281 is divided by 162.
11
Calculate the remainder when 2431 is divided by 129.
109
Calculate the remainder when 3225 is divided by 410.
355
What is the remainder when 5979 is divided by 353?
331
Calculate the remainder when 5481 is divided by 2703.
75
What is the remainder when 773659 is divided by 404?
403
Calculate the remainder when 85690 is divided by 10703.
66
What is the remainder when 1131 is divided by 105?
81
What is the remainder when 21244 is divided by 1116?
40
What is the remainder when 31987 is divided by 186?
181
What is the remainder when 39801 is divided by 2004?
1725
What is the remainder when 23119 is divided by 11549?
21
Calculate the remainder when 5474 is divided by 595.
119
Calculate the remainder when 976341 is divided by 121.
113
What is the remainder when 57 is divided by 31?
26
Calculate the remainder when 183 is divided by 73.
37
Calculate the remainder when 6207 is divided by 1221.
102
Calculate the remainder when 18075 is divided by 131.
128
Calculate the remainder when 6384 is divided by 82.
70
What is the remainder when 3039 is divided by 55?
14
What is the remainder when 3887 is divided by 1303?
1281
Calculate the remainder when 3064 is divided by 16.
8
Calculate the remainder when 3517 is divided by 14.
3
What is the remainder when 18143 is divided by 16618?
1525
Calculate the remainder when 25638 is divided by 217.
32
Calculate the remainder when 2723 is divided by 549.
527
What is the remainder when 97653 is divided by 2325?
3
Calculate the remainder when 7159 is divided by 7102.
57
What is the remainder when 3286 is divided by 166?
132
What is the remainder when 31472 is divided by 1311?
8
What is the remainder when 10628 is divided by 1323?
44
Calculate the remainder when 1113 is divided by 166.
117
What is the remainder when 113670 is divided by 56829?
12
What is the remainder when 739636 is divided by 27?
25
What is the remainder when 11336 is divided by 5543?